{"id":58,"date":"2023-10-18T15:12:22","date_gmt":"2023-10-18T15:12:22","guid":{"rendered":"https:\/\/freibuch.de\/?page_id=58"},"modified":"2024-03-11T20:15:40","modified_gmt":"2024-03-11T20:15:40","slug":"freibuehne","status":"publish","type":"page","link":"https:\/\/freibuch.de\/index.php\/freibuehne\/","title":{"rendered":"freiB\u00dcHNE"},"content":{"rendered":"<p>In Halle 3 des Schopf2 an der Schopfheimerstr. 2 wird die freiB\u00dcHNE beheimatet sein. Auf der gro\u00dfen Hauptb\u00fchne der Buchmesse freiBUCH erwartet die Besucherinnen und Besucher ein ebenso spannendes wie unterhaltsames Programm aus Talks, Performances und Buchvorstellungen.<\/p>\n<table style=\"width: 100%; height: 1731px;\" width=\"985\">\n<tbody>\n<tr style=\"height: 93px;\">\n<td style=\"width: 41.6337%; height: 93px;\" colspan=\"2\" width=\"414\">\n<h2>Programm<\/h2>\n<p>FreiB\u00dcHNE<\/td>\n<td style=\"width: 37.849%; height: 93px;\" width=\"403\"><\/td>\n<td style=\"width: 20.3448%; height: 93px;\" width=\"168\"><em>Moderation<\/em><\/td>\n<\/tr>\n<tr style=\"height: 35px;\">\n<td style=\"width: 13.1734%; height: 35px;\"><\/td>\n<td style=\"width: 66.3094%; height: 35px;\" colspan=\"2\">\n<h4 style=\"text-align: center;\"><strong>Freitag, 3. Mai<\/strong><\/h4>\n<\/td>\n<td style=\"width: 20.3448%; height: 35px;\"><\/td>\n<\/tr>\n<tr style=\"height: 53px;\">\n<td style=\"width: 13.1734%; height: 53px;\">16.00 Uhr:<\/td>\n<td style=\"width: 28.4604%; height: 53px;\"><strong>Performance am Rolltor<\/strong><\/td>\n<td style=\"width: 37.849%; height: 53px;\">Live-Er\u00f6ffnung der freiBUCH<\/td>\n<td style=\"width: 20.3448%; height: 53px;\" width=\"168\">Andreas Verstappen<\/td>\n<\/tr>\n<tr style=\"height: 53px;\">\n<td style=\"width: 13.1734%; height: 53px;\">16.30 Uhr:<\/td>\n<td style=\"width: 28.4604%; height: 53px;\"><strong>Kunst-Buch-Kunst<\/strong><\/td>\n<td style=\"width: 37.849%; height: 53px;\">Talk zur begleitenden Kunstausstellung<\/td>\n<td style=\"width: 20.3448%; height: 53px;\" width=\"168\">Andreas Verstappen<\/td>\n<\/tr>\n<tr style=\"height: 53px;\">\n<td style=\"width: 13.1734%; height: 53px;\">17.00 Uhr:<\/td>\n<td style=\"width: 28.4604%; height: 53px;\"><strong>The Big Bandangells<\/strong><\/td>\n<td style=\"width: 37.849%; height: 53px;\">Livemusik mit der Angell-Big-Band<\/td>\n<td style=\"width: 20.3448%; height: 53px;\">Sebastian Bargon<\/td>\n<\/tr>\n<tr style=\"height: 79px;\">\n<td style=\"width: 13.1734%; height: 79px;\">17.30 Uhr:<\/td>\n<td style=\"width: 28.4604%; height: 79px;\"><strong>Freiburg, deine DichterInnen<\/strong><\/td>\n<td style=\"width: 37.849%; height: 79px;\">Historix-Talk mit Joseph Freiherr von Auffenberg (1798-1857)<\/td>\n<td style=\"width: 20.3448%; height: 79px;\">Sebastian Bargon<\/td>\n<\/tr>\n<tr style=\"height: 53px;\">\n<td style=\"width: 13.1734%; height: 53px;\">18.00 Uhr:<\/td>\n<td style=\"width: 28.4604%; height: 53px;\"><strong>The Big Bandangells<\/strong><\/td>\n<td style=\"width: 37.849%; height: 53px;\">Livemusik mit der Angell-Big-Band<\/td>\n<td style=\"width: 20.3448%; height: 53px;\">Sebastian Bargon<\/td>\n<\/tr>\n<tr style=\"height: 53px;\">\n<td style=\"width: 13.1734%; height: 53px;\">18.20 Uhr:<\/td>\n<td style=\"width: 28.4604%; height: 53px;\"><strong>Theater 79 Merzhausen<\/strong><\/td>\n<td style=\"width: 37.849%; height: 53px;\">Fake Your Goethe &#8211; Literatur-Gossip<\/td>\n<td style=\"width: 20.3448%; height: 53px;\">Sebastian Bargon<\/td>\n<\/tr>\n<tr style=\"height: 53px;\">\n<td style=\"width: 13.1734%; height: 53px;\">18.50 Uhr:<\/td>\n<td style=\"width: 28.4604%; height: 53px;\"><strong>The Big Bandangells<\/strong><\/td>\n<td style=\"width: 37.849%; height: 53px;\">Livemusik mit der Angell-Big-Band<\/td>\n<td style=\"width: 20.3448%; height: 53px;\">Sebastian Bargon<\/td>\n<\/tr>\n<tr style=\"height: 106px;\">\n<td style=\"width: 13.1734%; height: 106px;\">19.00 Uhr:<\/td>\n<td style=\"width: 28.4604%; height: 106px;\"><strong>Erster B\u00fcrgermeister Ulrich von Kirchbach<\/strong><\/td>\n<td style=\"width: 37.849%; height: 106px;\">Offizielle Er\u00f6ffnung der freiBUCH<\/td>\n<td style=\"width: 20.3448%; height: 106px;\">Sebastian Bargon<\/td>\n<\/tr>\n<tr style=\"height: 53px;\">\n<td style=\"width: 13.1734%; height: 53px;\">19.15 Uhr:<\/td>\n<td style=\"width: 28.4604%; height: 53px;\"><strong>Literatur-Tanz<\/strong><\/td>\n<td style=\"width: 37.849%; height: 53px;\">T\u00e4nzerin: Clara Kr\u00fcger, Sprecher: Sebastian Bargon<\/td>\n<td style=\"width: 20.3448%; height: 53px;\">Simone Harre<\/td>\n<\/tr>\n<tr style=\"height: 26px;\">\n<td style=\"width: 13.1734%; height: 26px;\"><\/td>\n<td style=\"width: 28.4604%; height: 26px;\"><\/td>\n<td style=\"width: 37.849%; height: 26px;\"><\/td>\n<td style=\"width: 20.3448%; height: 26px;\"><\/td>\n<\/tr>\n<tr style=\"height: 35px;\">\n<td style=\"width: 13.1734%; height: 35px;\"><\/td>\n<td style=\"width: 66.3094%; height: 35px;\" colspan=\"2\">\n<h4 style=\"text-align: center;\"><strong>Samstag, 4. Mai<\/strong><\/h4>\n<\/td>\n<td style=\"width: 20.3448%; height: 35px;\" width=\"168\"><\/td>\n<\/tr>\n<tr style=\"height: 53px;\">\n<td style=\"width: 13.1734%; height: 53px;\">12.00 Uhr:<\/td>\n<td style=\"width: 28.4604%; height: 53px;\"><strong>Der Klassenfeind<\/strong><\/td>\n<td style=\"width: 37.849%; height: 53px;\">Kabarett mit Marc Hofmann<\/td>\n<td style=\"width: 20.3448%; height: 53px;\" width=\"168\">Andreas Verstappen<\/td>\n<\/tr>\n<tr style=\"height: 53px;\">\n<td style=\"width: 13.1734%; height: 53px;\">13.00 Uhr:<\/td>\n<td style=\"width: 28.4604%; height: 53px;\"><strong>Die Glyphenreiter &amp; G\u00e4ste<\/strong><\/td>\n<td style=\"width: 37.849%; height: 53px;\" width=\"403\">Poetry Jam \/ Teil I mit Lily Sabath, Brita Hempel, Ansgar Hufnagel und Arne Bicker.<\/td>\n<td style=\"width: 20.3448%; height: 53px;\" width=\"168\">Anne Grie\u00dfer<\/td>\n<\/tr>\n<tr style=\"height: 185px;\">\n<td style=\"width: 13.1734%; height: 185px;\">14.00 Uhr:<\/td>\n<td style=\"width: 28.4604%; height: 185px;\"><strong>Das Buch der Zukunft &#8211; Die Zukunft des Buchs<\/strong><\/td>\n<td style=\"width: 37.849%; height: 185px;\" width=\"403\">Podiumsdiskussion mit Gesa Krau\u00df (Stadtbibliothek FR), Maren Vivien Haase (Autorin und Tiktokerin), Martin Bruch (Literaturhaus FR) und Udo Glanz (Lehrer und Verleger)<\/td>\n<td style=\"width: 20.3448%; height: 185px;\" width=\"168\">Ruth Engelhardt<\/td>\n<\/tr>\n<tr style=\"height: 79px;\">\n<td style=\"width: 13.1734%; height: 79px;\">15.00 Uhr:<\/td>\n<td style=\"width: 28.4604%; height: 79px;\"><strong>Mit dem Rollstuhl zum Schauinslandk\u00f6nig<\/strong><\/td>\n<td style=\"width: 37.849%; height: 79px;\" width=\"403\">Lesung und Talk mit Nicolai Fl\u00f6th<\/td>\n<td style=\"width: 20.3448%; height: 79px;\" width=\"168\">Simone Harre<\/td>\n<\/tr>\n<tr style=\"height: 53px;\">\n<td style=\"width: 13.1734%; height: 53px;\">16.00 Uhr:<\/td>\n<td style=\"width: 28.4604%; height: 53px;\"><strong>Der Kaffeehaussitzer<\/strong><\/td>\n<td style=\"width: 37.849%; height: 53px;\">Talk mit Uwe Kalkowski (Buchblogger)<\/td>\n<td style=\"width: 20.3448%; height: 53px;\" width=\"168\">Anne Grie\u00dfer<\/td>\n<\/tr>\n<tr style=\"height: 53px;\">\n<td style=\"width: 13.1734%; height: 52px;\">17.00 Uhr:<\/td>\n<td style=\"width: 28.4604%; height: 52px;\"><strong>Gewetter<\/strong><\/td>\n<td style=\"width: 37.849%; height: 52px;\">Lyrik-Talk mit Jakob Leiner, Arzt und Autor<\/td>\n<td style=\"width: 20.3448%; height: 52px;\" width=\"168\">Ruth Engelhardt<\/td>\n<\/tr>\n<tr style=\"height: 53px;\">\n<td style=\"width: 13.1734%; height: 53px;\">18.00 Uhr:<\/td>\n<td style=\"width: 28.4604%; height: 53px;\"><strong>Literatur-Tanz<\/strong><\/td>\n<td style=\"width: 37.849%; height: 53px;\">T\u00e4nzerin: Clara Kr\u00fcger, Sprecher: Sebastian Bargon<\/td>\n<td style=\"width: 20.3448%; height: 53px;\">Rainer Suchan<\/td>\n<\/tr>\n<tr style=\"height: 53px;\">\n<td style=\"width: 13.1734%; height: 53px;\">18.30 Uhr:<\/td>\n<td style=\"width: 28.4604%; height: 53px;\"><strong>After Work Meet &amp; Greet<\/strong><\/td>\n<td style=\"width: 37.849%; height: 53px;\">Mit Livemusik der &#8222;Kapelle f\u00fcr alle F\u00e4lle&#8220;<\/td>\n<td style=\"width: 20.3448%; height: 53px;\">Sebastian Bargon<\/td>\n<\/tr>\n<tr style=\"height: 26px;\">\n<td style=\"width: 13.1734%; height: 26px;\"><\/td>\n<td style=\"width: 28.4604%; height: 26px;\"><\/td>\n<td style=\"width: 37.849%; height: 26px;\"><\/td>\n<td style=\"width: 20.3448%; height: 26px;\"><\/td>\n<\/tr>\n<tr style=\"height: 35px;\">\n<td style=\"width: 13.1734%; height: 35px;\"><\/td>\n<td style=\"width: 66.3094%; height: 35px;\" colspan=\"2\">\n<h4 style=\"text-align: center;\"><strong>Sonntag, 5. Mai<\/strong><\/h4>\n<\/td>\n<td style=\"width: 20.3448%; height: 35px;\" width=\"168\"><\/td>\n<\/tr>\n<tr style=\"height: 53px;\">\n<td style=\"width: 13.1734%; height: 53px;\">12.00 Uhr:<\/td>\n<td style=\"width: 28.4604%; height: 53px;\"><strong>Krieg und Frieden &#8211; Russlands Zukunft<\/strong><\/td>\n<td style=\"width: 37.849%; height: 53px;\">freiBUCH-Talk mit Gernot Erler, Autor und Politiker<\/td>\n<td style=\"width: 20.3448%; height: 53px;\" width=\"168\">Rainer Suchan<\/td>\n<\/tr>\n<tr style=\"height: 53px;\">\n<td style=\"width: 13.1734%; height: 53px;\">13.00 Uhr:<\/td>\n<td style=\"width: 28.4604%; height: 53px;\"><strong>Die Glyphenreiter &amp; G\u00e4ste<\/strong><\/td>\n<td style=\"width: 37.849%; height: 53px;\" width=\"403\">Poetry Jam \/ Teil II mit Sandra Emrich, C\u00e4cilia Hufnagel, Alexander Grimm und S\u00f6ren Comes.<\/td>\n<td style=\"width: 20.3448%; height: 53px;\" width=\"168\">Anne Grie\u00dfer<\/td>\n<\/tr>\n<tr style=\"height: 106px;\">\n<td style=\"width: 13.1734%; height: 106px;\">14.00 Uhr:<\/td>\n<td style=\"width: 28.4604%; height: 106px;\"><strong>G\u00f6tterd\u00e4mmerung<\/strong><\/td>\n<td style=\"width: 37.849%; height: 106px;\" width=\"403\">Wann lohnt es sich, ein Buch zu schreiben? freiBUCH-Talk mit Martin Horn und Nils Petersen<\/td>\n<td style=\"width: 20.3448%; height: 106px;\" width=\"168\">Anita Westrup<\/td>\n<\/tr>\n<tr style=\"height: 79px;\">\n<td style=\"width: 13.1734%; height: 79px;\">15.00 Uhr:<\/td>\n<td style=\"width: 28.4604%; height: 79px;\"><strong>Nice mit Flei\u00df<\/strong><\/td>\n<td style=\"width: 37.849%; height: 79px;\">Kurzpr\u00e4sentation des freiBUCH-Workshop-Programms<\/td>\n<td style=\"width: 20.3448%; height: 79px;\" width=\"168\">Andreas Verstappen<\/td>\n<\/tr>\n<tr style=\"height: 53px;\">\n<td style=\"width: 13.1734%; height: 53px;\">15.30 Uhr:<\/td>\n<td style=\"width: 28.4604%; height: 53px;\"><strong>Schlusspunkt<\/strong><\/td>\n<td style=\"width: 37.849%; height: 53px;\">Mit \u00dcberraschungsg\u00e4sten<\/td>\n<td style=\"width: 20.3448%; height: 53px;\">Sebastian Bargon<\/td>\n<\/tr>\n<\/tbody>\n<\/table>\n","protected":false},"excerpt":{"rendered":"<p>In Halle 3 des Schopf2 an der Schopfheimerstr. 2 wird die freiB\u00dcHNE beheimatet sein. Auf der gro\u00dfen Hauptb\u00fchne der Buchmesse freiBUCH erwartet die Besucherinnen und Besucher ein ebenso spannendes wie unterhaltsames Programm aus Talks, Performances und Buchvorstellungen. Programm FreiB\u00dcHNE Moderation Freitag, 3. Mai 16.00 Uhr: Performance am Rolltor Live-Er\u00f6ffnung der freiBUCH Andreas Verstappen 16.30 Uhr: [&hellip;]<\/p>\n","protected":false},"author":1,"featured_media":0,"parent":0,"menu_order":0,"comment_status":"closed","ping_status":"closed","template":"","meta":{"advgb_blocks_editor_width":"","advgb_blocks_columns_visual_guide":"","footnotes":""},"class_list":["post-58","page","type-page","status-publish","hentry"],"coauthors":[],"author_meta":{"author_link":"https:\/\/freibuch.de\/index.php\/author\/kreapio2\/","display_name":"admin"},"relative_dates":{"created":"Posted 3\u00a0Jahren ago","modified":"Updated 2\u00a0Jahren ago"},"absolute_dates":{"created":"Posted on 18. Oktober 2023","modified":"Updated on 11. M\u00e4rz 2024"},"absolute_dates_time":{"created":"Posted on 18. Oktober 2023 15:12","modified":"Updated on 11. M\u00e4rz 2024 20:15"},"featured_img_caption":"","featured_img":false,"series_order":"","_links":{"self":[{"href":"https:\/\/freibuch.de\/index.php\/wp-json\/wp\/v2\/pages\/58","targetHints":{"allow":["GET"]}}],"collection":[{"href":"https:\/\/freibuch.de\/index.php\/wp-json\/wp\/v2\/pages"}],"about":[{"href":"https:\/\/freibuch.de\/index.php\/wp-json\/wp\/v2\/types\/page"}],"author":[{"embeddable":true,"href":"https:\/\/freibuch.de\/index.php\/wp-json\/wp\/v2\/users\/1"}],"replies":[{"embeddable":true,"href":"https:\/\/freibuch.de\/index.php\/wp-json\/wp\/v2\/comments?post=58"}],"version-history":[{"count":46,"href":"https:\/\/freibuch.de\/index.php\/wp-json\/wp\/v2\/pages\/58\/revisions"}],"predecessor-version":[{"id":334,"href":"https:\/\/freibuch.de\/index.php\/wp-json\/wp\/v2\/pages\/58\/revisions\/334"}],"wp:attachment":[{"href":"https:\/\/freibuch.de\/index.php\/wp-json\/wp\/v2\/media?parent=58"}],"curies":[{"name":"wp","href":"https:\/\/api.w.org\/{rel}","templated":true}]}}

freiBÜHNE

<p>In Halle 3 des Schopf2 an der Schopfheimerstr. 2 wird die freiBÜHNE beheimatet sein. Auf der großen Hauptbühne der Buchmesse freiBUCH erwartet die Besucherinnen und Besucher ein ebenso spannendes wie unterhaltsames Programm aus Talks, Performances und Buchvorstellungen.</p>
<table style="width: 100%; height: 1731px;" width="985">
<tbody>
<tr style="height: 93px;">
<td style="width: 41.6337%; height: 93px;" colspan="2" width="414">
<h2>Programm</h2>
<p>FreiBÜHNE</td>
<td style="width: 37.849%; height: 93px;" width="403"></td>
<td style="width: 20.3448%; height: 93px;" width="168"><em>Moderation</em></td>
</tr>
<tr style="height: 35px;">
<td style="width: 13.1734%; height: 35px;"></td>
<td style="width: 66.3094%; height: 35px;" colspan="2">
<h4 style="text-align: center;"><strong>Freitag, 3. Mai</strong></h4>
</td>
<td style="width: 20.3448%; height: 35px;"></td>
</tr>
<tr style="height: 53px;">
<td style="width: 13.1734%; height: 53px;">16.00 Uhr:</td>
<td style="width: 28.4604%; height: 53px;"><strong>Performance am Rolltor</strong></td>
<td style="width: 37.849%; height: 53px;">Live-Eröffnung der freiBUCH</td>
<td style="width: 20.3448%; height: 53px;" width="168">Andreas Verstappen</td>
</tr>
<tr style="height: 53px;">
<td style="width: 13.1734%; height: 53px;">16.30 Uhr:</td>
<td style="width: 28.4604%; height: 53px;"><strong>Kunst-Buch-Kunst</strong></td>
<td style="width: 37.849%; height: 53px;">Talk zur begleitenden Kunstausstellung</td>
<td style="width: 20.3448%; height: 53px;" width="168">Andreas Verstappen</td>
</tr>
<tr style="height: 53px;">
<td style="width: 13.1734%; height: 53px;">17.00 Uhr:</td>
<td style="width: 28.4604%; height: 53px;"><strong>The Big Bandangells</strong></td>
<td style="width: 37.849%; height: 53px;">Livemusik mit der Angell-Big-Band</td>
<td style="width: 20.3448%; height: 53px;">Sebastian Bargon</td>
</tr>
<tr style="height: 79px;">
<td style="width: 13.1734%; height: 79px;">17.30 Uhr:</td>
<td style="width: 28.4604%; height: 79px;"><strong>Freiburg, deine DichterInnen</strong></td>
<td style="width: 37.849%; height: 79px;">Historix-Talk mit Joseph Freiherr von Auffenberg (1798-1857)</td>
<td style="width: 20.3448%; height: 79px;">Sebastian Bargon</td>
</tr>
<tr style="height: 53px;">
<td style="width: 13.1734%; height: 53px;">18.00 Uhr:</td>
<td style="width: 28.4604%; height: 53px;"><strong>The Big Bandangells</strong></td>
<td style="width: 37.849%; height: 53px;">Livemusik mit der Angell-Big-Band</td>
<td style="width: 20.3448%; height: 53px;">Sebastian Bargon</td>
</tr>
<tr style="height: 53px;">
<td style="width: 13.1734%; height: 53px;">18.20 Uhr:</td>
<td style="width: 28.4604%; height: 53px;"><strong>Theater 79 Merzhausen</strong></td>
<td style="width: 37.849%; height: 53px;">Fake Your Goethe &#8211; Literatur-Gossip</td>
<td style="width: 20.3448%; height: 53px;">Sebastian Bargon</td>
</tr>
<tr style="height: 53px;">
<td style="width: 13.1734%; height: 53px;">18.50 Uhr:</td>
<td style="width: 28.4604%; height: 53px;"><strong>The Big Bandangells</strong></td>
<td style="width: 37.849%; height: 53px;">Livemusik mit der Angell-Big-Band</td>
<td style="width: 20.3448%; height: 53px;">Sebastian Bargon</td>
</tr>
<tr style="height: 106px;">
<td style="width: 13.1734%; height: 106px;">19.00 Uhr:</td>
<td style="width: 28.4604%; height: 106px;"><strong>Erster Bürgermeister Ulrich von Kirchbach</strong></td>
<td style="width: 37.849%; height: 106px;">Offizielle Eröffnung der freiBUCH</td>
<td style="width: 20.3448%; height: 106px;">Sebastian Bargon</td>
</tr>
<tr style="height: 53px;">
<td style="width: 13.1734%; height: 53px;">19.15 Uhr:</td>
<td style="width: 28.4604%; height: 53px;"><strong>Literatur-Tanz</strong></td>
<td style="width: 37.849%; height: 53px;">Tänzerin: Clara Krüger, Sprecher: Sebastian Bargon</td>
<td style="width: 20.3448%; height: 53px;">Simone Harre</td>
</tr>
<tr style="height: 26px;">
<td style="width: 13.1734%; height: 26px;"></td>
<td style="width: 28.4604%; height: 26px;"></td>
<td style="width: 37.849%; height: 26px;"></td>
<td style="width: 20.3448%; height: 26px;"></td>
</tr>
<tr style="height: 35px;">
<td style="width: 13.1734%; height: 35px;"></td>
<td style="width: 66.3094%; height: 35px;" colspan="2">
<h4 style="text-align: center;"><strong>Samstag, 4. Mai</strong></h4>
</td>
<td style="width: 20.3448%; height: 35px;" width="168"></td>
</tr>
<tr style="height: 53px;">
<td style="width: 13.1734%; height: 53px;">12.00 Uhr:</td>
<td style="width: 28.4604%; height: 53px;"><strong>Der Klassenfeind</strong></td>
<td style="width: 37.849%; height: 53px;">Kabarett mit Marc Hofmann</td>
<td style="width: 20.3448%; height: 53px;" width="168">Andreas Verstappen</td>
</tr>
<tr style="height: 53px;">
<td style="width: 13.1734%; height: 53px;">13.00 Uhr:</td>
<td style="width: 28.4604%; height: 53px;"><strong>Die Glyphenreiter &amp; Gäste</strong></td>
<td style="width: 37.849%; height: 53px;" width="403">Poetry Jam / Teil I mit Lily Sabath, Brita Hempel, Ansgar Hufnagel und Arne Bicker.</td>
<td style="width: 20.3448%; height: 53px;" width="168">Anne Grießer</td>
</tr>
<tr style="height: 185px;">
<td style="width: 13.1734%; height: 185px;">14.00 Uhr:</td>
<td style="width: 28.4604%; height: 185px;"><strong>Das Buch der Zukunft &#8211; Die Zukunft des Buchs</strong></td>
<td style="width: 37.849%; height: 185px;" width="403">Podiumsdiskussion mit Gesa Krauß (Stadtbibliothek FR), Maren Vivien Haase (Autorin und Tiktokerin), Martin Bruch (Literaturhaus FR) und Udo Glanz (Lehrer und Verleger)</td>
<td style="width: 20.3448%; height: 185px;" width="168">Ruth Engelhardt</td>
</tr>
<tr style="height: 79px;">
<td style="width: 13.1734%; height: 79px;">15.00 Uhr:</td>
<td style="width: 28.4604%; height: 79px;"><strong>Mit dem Rollstuhl zum Schauinslandkönig</strong></td>
<td style="width: 37.849%; height: 79px;" width="403">Lesung und Talk mit Nicolai Flöth</td>
<td style="width: 20.3448%; height: 79px;" width="168">Simone Harre</td>
</tr>
<tr style="height: 53px;">
<td style="width: 13.1734%; height: 53px;">16.00 Uhr:</td>
<td style="width: 28.4604%; height: 53px;"><strong>Der Kaffeehaussitzer</strong></td>
<td style="width: 37.849%; height: 53px;">Talk mit Uwe Kalkowski (Buchblogger)</td>
<td style="width: 20.3448%; height: 53px;" width="168">Anne Grießer</td>
</tr>
<tr style="height: 53px;">
<td style="width: 13.1734%; height: 52px;">17.00 Uhr:</td>
<td style="width: 28.4604%; height: 52px;"><strong>Gewetter</strong></td>
<td style="width: 37.849%; height: 52px;">Lyrik-Talk mit Jakob Leiner, Arzt und Autor</td>
<td style="width: 20.3448%; height: 52px;" width="168">Ruth Engelhardt</td>
</tr>
<tr style="height: 53px;">
<td style="width: 13.1734%; height: 53px;">18.00 Uhr:</td>
<td style="width: 28.4604%; height: 53px;"><strong>Literatur-Tanz</strong></td>
<td style="width: 37.849%; height: 53px;">Tänzerin: Clara Krüger, Sprecher: Sebastian Bargon</td>
<td style="width: 20.3448%; height: 53px;">Rainer Suchan</td>
</tr>
<tr style="height: 53px;">
<td style="width: 13.1734%; height: 53px;">18.30 Uhr:</td>
<td style="width: 28.4604%; height: 53px;"><strong>After Work Meet &amp; Greet</strong></td>
<td style="width: 37.849%; height: 53px;">Mit Livemusik der &#8222;Kapelle für alle Fälle&#8220;</td>
<td style="width: 20.3448%; height: 53px;">Sebastian Bargon</td>
</tr>
<tr style="height: 26px;">
<td style="width: 13.1734%; height: 26px;"></td>
<td style="width: 28.4604%; height: 26px;"></td>
<td style="width: 37.849%; height: 26px;"></td>
<td style="width: 20.3448%; height: 26px;"></td>
</tr>
<tr style="height: 35px;">
<td style="width: 13.1734%; height: 35px;"></td>
<td style="width: 66.3094%; height: 35px;" colspan="2">
<h4 style="text-align: center;"><strong>Sonntag, 5. Mai</strong></h4>
</td>
<td style="width: 20.3448%; height: 35px;" width="168"></td>
</tr>
<tr style="height: 53px;">
<td style="width: 13.1734%; height: 53px;">12.00 Uhr:</td>
<td style="width: 28.4604%; height: 53px;"><strong>Krieg und Frieden &#8211; Russlands Zukunft</strong></td>
<td style="width: 37.849%; height: 53px;">freiBUCH-Talk mit Gernot Erler, Autor und Politiker</td>
<td style="width: 20.3448%; height: 53px;" width="168">Rainer Suchan</td>
</tr>
<tr style="height: 53px;">
<td style="width: 13.1734%; height: 53px;">13.00 Uhr:</td>
<td style="width: 28.4604%; height: 53px;"><strong>Die Glyphenreiter &amp; Gäste</strong></td>
<td style="width: 37.849%; height: 53px;" width="403">Poetry Jam / Teil II mit Sandra Emrich, Cäcilia Hufnagel, Alexander Grimm und Sören Comes.</td>
<td style="width: 20.3448%; height: 53px;" width="168">Anne Grießer</td>
</tr>
<tr style="height: 106px;">
<td style="width: 13.1734%; height: 106px;">14.00 Uhr:</td>
<td style="width: 28.4604%; height: 106px;"><strong>Götterdämmerung</strong></td>
<td style="width: 37.849%; height: 106px;" width="403">Wann lohnt es sich, ein Buch zu schreiben? freiBUCH-Talk mit Martin Horn und Nils Petersen</td>
<td style="width: 20.3448%; height: 106px;" width="168">Anita Westrup</td>
</tr>
<tr style="height: 79px;">
<td style="width: 13.1734%; height: 79px;">15.00 Uhr:</td>
<td style="width: 28.4604%; height: 79px;"><strong>Nice mit Fleiß</strong></td>
<td style="width: 37.849%; height: 79px;">Kurzpräsentation des freiBUCH-Workshop-Programms</td>
<td style="width: 20.3448%; height: 79px;" width="168">Andreas Verstappen</td>
</tr>
<tr style="height: 53px;">
<td style="width: 13.1734%; height: 53px;">15.30 Uhr:</td>
<td style="width: 28.4604%; height: 53px;"><strong>Schlusspunkt</strong></td>
<td style="width: 37.849%; height: 53px;">Mit Überraschungsgästen</td>
<td style="width: 20.3448%; height: 53px;">Sebastian Bargon</td>
</tr>
</tbody>
</table>

<p>In Halle 3 des Schopf2 an der Schopfheimerstr. 2 wird die freiBÜHNE beheimatet sein. Auf der großen Hauptbühne der Buchmesse freiBUCH erwartet die Besucherinnen und Besucher ein ebenso spannendes wie unterhaltsames Programm aus Talks, Performances und Buchvorstellungen. Programm FreiBÜHNE Moderation Freitag, 3. Mai 16.00 Uhr: Performance am Rolltor Live-Eröffnung der freiBUCH Andreas Verstappen 16.30 Uhr: [&hellip;]</p>

Updated on 11. März 2024

Updated on 11. März 2024 20:15
