{"id":274,"date":"2024-02-18T13:17:09","date_gmt":"2024-02-18T13:17:09","guid":{"rendered":"https:\/\/freibuch.de\/?page_id=274"},"modified":"2024-04-24T21:49:28","modified_gmt":"2024-04-24T21:49:28","slug":"infos-rahmenprogramm","status":"publish","type":"page","link":"https:\/\/freibuch.de\/index.php\/infos-rahmenprogramm\/","title":{"rendered":"Infos &#038; Rahmenprogramm"},"content":{"rendered":"<h1><strong>Barrierefreiheit<\/strong><\/h1>\n<p><strong>Ebenerdiger Rolltor-Zugang<\/strong> zu den Ausstellungsr\u00e4umen. <strong>Rollstuhlgerechte Veranstaltungs-Toilettenkabine<\/strong> im Au\u00dfenbereich. <strong>Induktive H\u00f6ranlage<\/strong> (T-Spule) an der Hauptb\u00fchne sowie im Lesesaal &#8211; mit herzlichem Dank an die &#8222;<a href=\"https:\/\/dcig.de\" target=\"_blank\" rel=\"noopener\">Deutsche Cochlea Implantat Gesellschaft e.V.<\/a>&#8222;. Anfragen zur Barrierefreiheit bitte an: <a href=\"mailto:info@freibuch.de\">info@freibuch.de<\/a>.<\/p>\n<h1><strong>Gastspiele<\/strong><\/h1>\n<p><strong>Rat der K\u00fcnste Freiburg<\/strong><br \/>\nFreitag, 3. Mai 2024, 16 &#8211; 18 Uhr: Turnusm\u00e4\u00dfige Sitzung des Rats der K\u00fcnste Freiburg m Rahen der freiBUCH im Workshop-Raum \/ Halle 1, oben.<\/p>\n<p><strong>Buchkunst<\/strong><br \/>\nDie stiftung<strong>buchkunst<\/strong> in Frankfurt pr\u00e4sentiert im Rahmen der freiBUCH eine Ausstellung der preisgek\u00fcrten 25 SCH\u00d6NSTEN DEUTSCHEN B\u00dcCHER 2024.<\/p>\n<p><strong>B\u00fccherbus<\/strong> der Stadtbibliothek Freiburg<br \/>\nSonntag, 11.00 Uhr: <strong>Kamishibai-Vorstellung<\/strong> und ganzt\u00e4gig am Sonntag zu den \u00d6ffnungszeiten: <strong>Quiz f\u00fcr Erwachsene<\/strong> und <strong>Kindermalen<\/strong><\/p>\n<p><strong>Freileser-Fahrrad <\/strong>des Literaturhauses<br \/>\nSamstag, 14 \u2013 18 Uhr<\/p>\n<p><strong>Foodtrucks \/ Caf\u00e9 \/ Kuchen<\/strong><br \/>\nFr.: Simba Wraps &#8211; Food-Bike <span style=\"font-size: 1rem;\">| Sa.: Ben Kindler\u00b4s Asia Gark\u00fcche | So.: Holzofen-Pizza von \u201cMilch trifft Mehl\u201c | Sa. \u2013 So. Caf\u00e9 Ape \u201eJenny\u2019s Caf\u00e9sita\u201d | Fr. \u2013 So. Kuchen von \u201cMilch trifft Mehl\u201c<\/span><\/p>\n<p><strong>Literaturzeitschriften zur Auslage<\/strong><br \/>\nAllmende | Am Erker | Apostrophe | au\u00dfer.dem | Bella Triste | Drecksack | DUM | Edit | Eule | Krachkultur | Ostragehege | Schreibheft | Wespennest | Dreck-Magazin<\/p>\n<p><strong>Buch-Bude<\/strong><br \/>\nDie Freiburger B\u00fcrgerstiftung stellt ihr Projekt Buch-Bude vor: Neue B\u00fccher-Tausch-Orte in unterschiedlichen Stadtteilen, sozialen Einrichtungen und lokale n Initiativen in Freiburg &#8211; alte M\u00f6bel und neue Pat*innen werden gesucht.<\/p>\n<h1><strong>Partner &amp; Tr\u00e4ger<\/strong><\/h1>\n<p><strong>Partner:<\/strong> Literaturhaus Freiburg | Freiburger Stadtbibliothek | Kulturamt der Stadt Freiburg | FreiburgerB\u00fcrgerstiftung | Sparkasse Freiburg N\u00f6rdlicher Breisgau<\/p>\n<p><strong>Veranstalter:<\/strong><br \/>\nKreativpioniere Freiburg \/ Schildacker e.V. im Schopf2, Schopfheimer Str. 2, 79115 Freiburg | <a href=\"https:\/\/kreativpioniere-freiburg.de\" target=\"_blank\" rel=\"noopener\">www.kreativpioniere-freiburg.de<\/a><\/p>\n","protected":false},"excerpt":{"rendered":"<p>Barrierefreiheit Ebenerdiger Rolltor-Zugang zu den Ausstellungsr\u00e4umen. Rollstuhlgerechte Veranstaltungs-Toilettenkabine im Au\u00dfenbereich. Induktive H\u00f6ranlage (T-Spule) an der Hauptb\u00fchne sowie im Lesesaal &#8211; mit herzlichem Dank an die &#8222;Deutsche Cochlea Implantat Gesellschaft e.V.&#8222;. Anfragen zur Barrierefreiheit bitte an: info@freibuch.de. Gastspiele Rat der K\u00fcnste Freiburg Freitag, 3. Mai 2024, 16 &#8211; 18 Uhr: Turnusm\u00e4\u00dfige Sitzung des Rats der K\u00fcnste [&hellip;]<\/p>\n","protected":false},"author":1,"featured_media":0,"parent":0,"menu_order":0,"comment_status":"closed","ping_status":"closed","template":"","meta":{"advgb_blocks_editor_width":"","advgb_blocks_columns_visual_guide":"","footnotes":""},"class_list":["post-274","page","type-page","status-publish","hentry"],"coauthors":[],"author_meta":{"author_link":"https:\/\/freibuch.de\/index.php\/author\/kreapio2\/","display_name":"admin"},"relative_dates":{"created":"Posted 2\u00a0Jahren ago","modified":"Updated 2\u00a0Jahren ago"},"absolute_dates":{"created":"Posted on 18. Februar 2024","modified":"Updated on 24. April 2024"},"absolute_dates_time":{"created":"Posted on 18. Februar 2024 13:17","modified":"Updated on 24. April 2024 21:49"},"featured_img_caption":"","featured_img":false,"series_order":"","_links":{"self":[{"href":"https:\/\/freibuch.de\/index.php\/wp-json\/wp\/v2\/pages\/274","targetHints":{"allow":["GET"]}}],"collection":[{"href":"https:\/\/freibuch.de\/index.php\/wp-json\/wp\/v2\/pages"}],"about":[{"href":"https:\/\/freibuch.de\/index.php\/wp-json\/wp\/v2\/types\/page"}],"author":[{"embeddable":true,"href":"https:\/\/freibuch.de\/index.php\/wp-json\/wp\/v2\/users\/1"}],"replies":[{"embeddable":true,"href":"https:\/\/freibuch.de\/index.php\/wp-json\/wp\/v2\/comments?post=274"}],"version-history":[{"count":22,"href":"https:\/\/freibuch.de\/index.php\/wp-json\/wp\/v2\/pages\/274\/revisions"}],"predecessor-version":[{"id":488,"href":"https:\/\/freibuch.de\/index.php\/wp-json\/wp\/v2\/pages\/274\/revisions\/488"}],"wp:attachment":[{"href":"https:\/\/freibuch.de\/index.php\/wp-json\/wp\/v2\/media?parent=274"}],"curies":[{"name":"wp","href":"https:\/\/api.w.org\/{rel}","templated":true}]}}

<h1><strong>Barrierefreiheit</strong></h1>
<p><strong>Ebenerdiger Rolltor-Zugang</strong> zu den Ausstellungsräumen. <strong>Rollstuhlgerechte Veranstaltungs-Toilettenkabine</strong> im Außenbereich. <strong>Induktive Höranlage</strong> (T-Spule) an der Hauptbühne sowie im Lesesaal &#8211; mit herzlichem Dank an die &#8222;<a href="https://dcig.de" target="_blank" rel="noopener">Deutsche Cochlea Implantat Gesellschaft e.V.</a>&#8222;. Anfragen zur Barrierefreiheit bitte an: <a href="mailto:info@freibuch.de">info@freibuch.de</a>.</p>
<h1><strong>Gastspiele</strong></h1>
<p><strong>Rat der Künste Freiburg</strong><br />
Freitag, 3. Mai 2024, 16 &#8211; 18 Uhr: Turnusmäßige Sitzung des Rats der Künste Freiburg m Rahen der freiBUCH im Workshop-Raum / Halle 1, oben.</p>
<p><strong>Buchkunst</strong><br />
Die stiftung<strong>buchkunst</strong> in Frankfurt präsentiert im Rahmen der freiBUCH eine Ausstellung der preisgekürten 25 SCHÖNSTEN DEUTSCHEN BÜCHER 2024.</p>
<p><strong>Bücherbus</strong> der Stadtbibliothek Freiburg<br />
Sonntag, 11.00 Uhr: <strong>Kamishibai-Vorstellung</strong> und ganztägig am Sonntag zu den Öffnungszeiten: <strong>Quiz für Erwachsene</strong> und <strong>Kindermalen</strong></p>
<p><strong>Freileser-Fahrrad </strong>des Literaturhauses<br />
Samstag, 14 – 18 Uhr</p>
<p><strong>Foodtrucks / Café / Kuchen</strong><br />
Fr.: Simba Wraps &#8211; Food-Bike <span style="font-size: 1rem;">| Sa.: Ben Kindler´s Asia Garküche | So.: Holzofen-Pizza von “Milch trifft Mehl“ | Sa. – So. Café Ape „Jenny’s Cafésita” | Fr. – So. Kuchen von “Milch trifft Mehl“</span></p>
<p><strong>Literaturzeitschriften zur Auslage</strong><br />
Allmende | Am Erker | Apostrophe | außer.dem | Bella Triste | Drecksack | DUM | Edit | Eule | Krachkultur | Ostragehege | Schreibheft | Wespennest | Dreck-Magazin</p>
<p><strong>Buch-Bude</strong><br />
Die Freiburger Bürgerstiftung stellt ihr Projekt Buch-Bude vor: Neue Bücher-Tausch-Orte in unterschiedlichen Stadtteilen, sozialen Einrichtungen und lokale n Initiativen in Freiburg &#8211; alte Möbel und neue Pat*innen werden gesucht.</p>
<h1><strong>Partner &amp; Träger</strong></h1>
<p><strong>Partner:</strong> Literaturhaus Freiburg | Freiburger Stadtbibliothek | Kulturamt der Stadt Freiburg | FreiburgerBürgerstiftung | Sparkasse Freiburg Nördlicher Breisgau</p>
<p><strong>Veranstalter:</strong><br />
Kreativpioniere Freiburg / Schildacker e.V. im Schopf2, Schopfheimer Str. 2, 79115 Freiburg | <a href="https://kreativpioniere-freiburg.de" target="_blank" rel="noopener">www.kreativpioniere-freiburg.de</a></p>

<p>Barrierefreiheit Ebenerdiger Rolltor-Zugang zu den Ausstellungsräumen. Rollstuhlgerechte Veranstaltungs-Toilettenkabine im Außenbereich. Induktive Höranlage (T-Spule) an der Hauptbühne sowie im Lesesaal &#8211; mit herzlichem Dank an die &#8222;Deutsche Cochlea Implantat Gesellschaft e.V.&#8222;. Anfragen zur Barrierefreiheit bitte an: info@freibuch.de. Gastspiele Rat der Künste Freiburg Freitag, 3. Mai 2024, 16 &#8211; 18 Uhr: Turnusmäßige Sitzung des Rats der Künste [&hellip;]</p>
