{"id":2,"date":"2023-10-17T16:04:53","date_gmt":"2023-10-17T16:04:53","guid":{"rendered":"https:\/\/freibuch.de\/?page_id=2"},"modified":"2024-02-05T12:02:39","modified_gmt":"2024-02-05T12:02:39","slug":"sample-page","status":"publish","type":"page","link":"https:\/\/freibuch.de\/index.php\/sample-page\/","title":{"rendered":"Was ist die freiBUCH?"},"content":{"rendered":"\r\n<p><img loading=\"lazy\" decoding=\"async\" class=\"alignnone size-medium wp-image-123\" src=\"https:\/\/freibuch.de\/wp-content\/uploads\/2023\/11\/freiBUCH-Die-guten-Seiten-des-Lebens-1-258x300.jpg\" alt=\"\" width=\"258\" height=\"300\" srcset=\"https:\/\/freibuch.de\/wp-content\/uploads\/2023\/11\/freiBUCH-Die-guten-Seiten-des-Lebens-1-258x300.jpg 258w, https:\/\/freibuch.de\/wp-content\/uploads\/2023\/11\/freiBUCH-Die-guten-Seiten-des-Lebens-1-882x1024.jpg 882w, https:\/\/freibuch.de\/wp-content\/uploads\/2023\/11\/freiBUCH-Die-guten-Seiten-des-Lebens-1-768x892.jpg 768w, https:\/\/freibuch.de\/wp-content\/uploads\/2023\/11\/freiBUCH-Die-guten-Seiten-des-Lebens-1.jpg 1032w\" sizes=\"auto, (max-width: 258px) 100vw, 258px\" \/><\/p>\r\n<p><strong>Der Kunst- und Kulturverein Kreativpioniere Freiburg \/ Schildacker e.V. veranstaltet von Freitag bis Sonntag, 3. bis 5. Mai 2024, die 1. Freiburger Pop-up-Buchmesse \u201efreiBUCH\u201c in den Kreativhallen des Schopf2 \u2013 Schopfheimerstr. 2 in Freiburg.<\/strong><\/p>\r\n<p>Die \u00d6ffnungszeiten der Buchmesse Freiburg sind Freitag 16 \u2013 20 Uhr, Samstag 10 \u2013 18 Uhr, Sonntag 11 \u2013 16 Uhr.<\/p>\r\n<p>Schirmherr ist Freiburgs 1. B\u00fcrgermeister Ulrich von Kirchbach. Das Literaturhaus Freiburg sowie die Freiburger Stadtbibliothek sind offizielle Partner der freiBUCH und beteiligen sich an mehreren Programmpunkten. Schwerpunkte der freiBUCH sind die Sichtbarmachung, Pr\u00e4sentation und Vernetzung Freiburger Autor*innen, Selfpublisher*innen, Verlage und anderer Player der Buchbranche sowie die F\u00f6rderung der allgemeinen Lese- und Schreibfreude bei Kindern und Jugendlichen durch gezielte Angebote in Workshops.<\/p>\r\n<p>Ein festes inhaltliches Thema oder eine Heraushebung durch einen Buchpreis gibt es nicht. Gezeigt werden alle Arten von B\u00fcchern wie z.B. Romane, Sachb\u00fccher, Kinderliteratur, Fantasy, Kunstb\u00fccher, Bildb\u00e4nde oder Graphic Novels.<\/p>\r\n<p>In zwei der drei Hallen wird es bei der Buchmesse freiBUCH 19 Ausstellerst\u00e4nde geben. 15 einzelne Freiburger Autor*innen werden sich unabh\u00e4ngig von Verlagsst\u00e4nden einen gro\u00dfen Gemeinschaftsstand und damit auch die Standbelegzeiten und Unkosten teilen. Gleiches gilt f\u00fcr Selfpublisher*innen.<\/p>\r\n<p>Weiter gibt es einen separaten Workshop-Raum, als Schutzraum speziell f\u00fcr Kinder- und Jugend-Workshops zur spielerischen Vermittlung von Lese- und Schreibfreude, sowie einen separaten Lesesaal und weitere spannende Lesungsorte in umliegenden Gewerbebetrieben des Quartiers Schildacker f\u00fcr vielf\u00e4ltige AutorInnen-Lesungen.<\/p>\r\n<p>F\u00fcr kleinere Au\u00dfenaktionen steht eine neu installierte Vintage-Telefonzelle &#8222;Halle 4&#8220; mit einem \u00dcberraschungsprogramm parat. Am Sonntag, 5. Mai, erwarten wir den roten B\u00fccherbus der Freiburger Stadtbibliothek. Herzhafte Verpflegung bietet an allen drei Tagen ein jeweils wechselnder Foodtruck an. Dazu gibt es am Samstag und Sonntag Jenny&#8217;s Caf\u00e9sita-Ape, Kuchen von von MILCH trifft MEHL und alkoholfreie Getr\u00e4nke am Infostand der freiBUCH.<\/p>\r\n<p>Am ersten Tag, Freitag, 3. Mai, 16 Uhr, ist eine kurze, nicht ganz spektakelfreie Er\u00f6ffnung am ebenerdigen Rolltor geplant.\u00a0Parallel zur Freiburger Buchmesse freiBUCH gibt es ein abwechslungsreiches B\u00fchnenprogramm; au\u00dferdem findet in allen Hallen und R\u00e4umen eine Kunstausstellung zum Thema \u201eB\u00fccher \/ Bibliotheken \/ Lesen\u201c mit Bildern, Skulpturen, Illustrationen, Cartoons, Fotografien und Karikaturen verschiedener K\u00fcnstlerInnen statt.<\/p>\r\n<p>Die freiBUCH ist eine Verkaufsmesse, jedoch veranstalterseitig nicht kommerziell; der Eintritt ist frei.<\/p>\r\n<p><em>Info: Seit Mitte Oktober 2023 sind alle Messest\u00e4nde und Ausstellerpl\u00e4tze vergeben.\u00a0<\/em><\/p>\r\n","protected":false},"excerpt":{"rendered":"<p>Der Kunst- und Kulturverein Kreativpioniere Freiburg \/ Schildacker e.V. veranstaltet von Freitag bis Sonntag, 3. bis 5. Mai 2024, die 1. Freiburger Pop-up-Buchmesse \u201efreiBUCH\u201c in den Kreativhallen des Schopf2 \u2013 Schopfheimerstr. 2 in Freiburg. Die \u00d6ffnungszeiten der Buchmesse Freiburg sind Freitag 16 \u2013 20 Uhr, Samstag 10 \u2013 18 Uhr, Sonntag 11 \u2013 16 Uhr. [&hellip;]<\/p>\n","protected":false},"author":1,"featured_media":0,"parent":0,"menu_order":0,"comment_status":"closed","ping_status":"open","template":"","meta":{"advgb_blocks_editor_width":"","advgb_blocks_columns_visual_guide":"","footnotes":""},"class_list":["post-2","page","type-page","status-publish","hentry"],"coauthors":[],"author_meta":{"author_link":"https:\/\/freibuch.de\/index.php\/author\/kreapio2\/","display_name":"admin"},"relative_dates":{"created":"Posted 3\u00a0Jahren ago","modified":"Updated 2\u00a0Jahren ago"},"absolute_dates":{"created":"Posted on 17. Oktober 2023","modified":"Updated on 5. Februar 2024"},"absolute_dates_time":{"created":"Posted on 17. Oktober 2023 16:04","modified":"Updated on 5. Februar 2024 12:02"},"featured_img_caption":"","featured_img":false,"series_order":"","_links":{"self":[{"href":"https:\/\/freibuch.de\/index.php\/wp-json\/wp\/v2\/pages\/2","targetHints":{"allow":["GET"]}}],"collection":[{"href":"https:\/\/freibuch.de\/index.php\/wp-json\/wp\/v2\/pages"}],"about":[{"href":"https:\/\/freibuch.de\/index.php\/wp-json\/wp\/v2\/types\/page"}],"author":[{"embeddable":true,"href":"https:\/\/freibuch.de\/index.php\/wp-json\/wp\/v2\/users\/1"}],"replies":[{"embeddable":true,"href":"https:\/\/freibuch.de\/index.php\/wp-json\/wp\/v2\/comments?post=2"}],"version-history":[{"count":39,"href":"https:\/\/freibuch.de\/index.php\/wp-json\/wp\/v2\/pages\/2\/revisions"}],"predecessor-version":[{"id":225,"href":"https:\/\/freibuch.de\/index.php\/wp-json\/wp\/v2\/pages\/2\/revisions\/225"}],"wp:attachment":[{"href":"https:\/\/freibuch.de\/index.php\/wp-json\/wp\/v2\/media?parent=2"}],"curies":[{"name":"wp","href":"https:\/\/api.w.org\/{rel}","templated":true}]}}

<p><img loading="lazy" decoding="async" class="alignnone size-medium wp-image-123" src="https://freibuch.de/wp-content/uploads/2023/11/freiBUCH-Die-guten-Seiten-des-Lebens-1-258x300.jpg" alt="" width="258" height="300" srcset="https://freibuch.de/wp-content/uploads/2023/11/freiBUCH-Die-guten-Seiten-des-Lebens-1-258x300.jpg 258w, https://freibuch.de/wp-content/uploads/2023/11/freiBUCH-Die-guten-Seiten-des-Lebens-1-882x1024.jpg 882w, https://freibuch.de/wp-content/uploads/2023/11/freiBUCH-Die-guten-Seiten-des-Lebens-1-768x892.jpg 768w, https://freibuch.de/wp-content/uploads/2023/11/freiBUCH-Die-guten-Seiten-des-Lebens-1.jpg 1032w" sizes="auto, (max-width: 258px) 100vw, 258px" /></p>
<p><strong>Der Kunst- und Kulturverein Kreativpioniere Freiburg / Schildacker e.V. veranstaltet von Freitag bis Sonntag, 3. bis 5. Mai 2024, die 1. Freiburger Pop-up-Buchmesse „freiBUCH“ in den Kreativhallen des Schopf2 – Schopfheimerstr. 2 in Freiburg.</strong></p>
<p>Die Öffnungszeiten der Buchmesse Freiburg sind Freitag 16 – 20 Uhr, Samstag 10 – 18 Uhr, Sonntag 11 – 16 Uhr.</p>
<p>Schirmherr ist Freiburgs 1. Bürgermeister Ulrich von Kirchbach. Das Literaturhaus Freiburg sowie die Freiburger Stadtbibliothek sind offizielle Partner der freiBUCH und beteiligen sich an mehreren Programmpunkten. Schwerpunkte der freiBUCH sind die Sichtbarmachung, Präsentation und Vernetzung Freiburger Autor*innen, Selfpublisher*innen, Verlage und anderer Player der Buchbranche sowie die Förderung der allgemeinen Lese- und Schreibfreude bei Kindern und Jugendlichen durch gezielte Angebote in Workshops.</p>
<p>Ein festes inhaltliches Thema oder eine Heraushebung durch einen Buchpreis gibt es nicht. Gezeigt werden alle Arten von Büchern wie z.B. Romane, Sachbücher, Kinderliteratur, Fantasy, Kunstbücher, Bildbände oder Graphic Novels.</p>
<p>In zwei der drei Hallen wird es bei der Buchmesse freiBUCH 19 Ausstellerstände geben. 15 einzelne Freiburger Autor*innen werden sich unabhängig von Verlagsständen einen großen Gemeinschaftsstand und damit auch die Standbelegzeiten und Unkosten teilen. Gleiches gilt für Selfpublisher*innen.</p>
<p>Weiter gibt es einen separaten Workshop-Raum, als Schutzraum speziell für Kinder- und Jugend-Workshops zur spielerischen Vermittlung von Lese- und Schreibfreude, sowie einen separaten Lesesaal und weitere spannende Lesungsorte in umliegenden Gewerbebetrieben des Quartiers Schildacker für vielfältige AutorInnen-Lesungen.</p>
<p>Für kleinere Außenaktionen steht eine neu installierte Vintage-Telefonzelle &#8222;Halle 4&#8220; mit einem Überraschungsprogramm parat. Am Sonntag, 5. Mai, erwarten wir den roten Bücherbus der Freiburger Stadtbibliothek. Herzhafte Verpflegung bietet an allen drei Tagen ein jeweils wechselnder Foodtruck an. Dazu gibt es am Samstag und Sonntag Jenny&#8217;s Cafésita-Ape, Kuchen von von MILCH trifft MEHL und alkoholfreie Getränke am Infostand der freiBUCH.</p>
<p>Am ersten Tag, Freitag, 3. Mai, 16 Uhr, ist eine kurze, nicht ganz spektakelfreie Eröffnung am ebenerdigen Rolltor geplant. Parallel zur Freiburger Buchmesse freiBUCH gibt es ein abwechslungsreiches Bühnenprogramm; außerdem findet in allen Hallen und Räumen eine Kunstausstellung zum Thema „Bücher / Bibliotheken / Lesen“ mit Bildern, Skulpturen, Illustrationen, Cartoons, Fotografien und Karikaturen verschiedener KünstlerInnen statt.</p>
<p>Die freiBUCH ist eine Verkaufsmesse, jedoch veranstalterseitig nicht kommerziell; der Eintritt ist frei.</p>
<p><em>Info: Seit Mitte Oktober 2023 sind alle Messestände und Ausstellerplätze vergeben. </em></p>

<p>Der Kunst- und Kulturverein Kreativpioniere Freiburg / Schildacker e.V. veranstaltet von Freitag bis Sonntag, 3. bis 5. Mai 2024, die 1. Freiburger Pop-up-Buchmesse „freiBUCH“ in den Kreativhallen des Schopf2 – Schopfheimerstr. 2 in Freiburg. Die Öffnungszeiten der Buchmesse Freiburg sind Freitag 16 – 20 Uhr, Samstag 10 – 18 Uhr, Sonntag 11 – 16 Uhr. [&hellip;]</p>
